be -7*22/77 - -57. Suppose 5*u - 7 = 2*y + 19, -y = u - 8. Let o = u + 5. Calculate the greatest common divisor of o and z.
11
Let q(k) = 17*k**2 - 1. Let c be q(3). Let y = -88 + c. Calculate the highest common divisor of y and 4.
4
Let l = 9 - 6. Suppose 2*g - l*a - 2*a = 36, -4*g - 2*a + 120 = 0. Let c be 18/(-45)*(-9 + -1). What is the greatest common divisor of c and g?
4
Suppose -25*j = -26*j + 10. Let g = 589 + -409. Suppose 2*d + 170 = 4*p, -5*p = -4*d + 8*d - g. Calculate the highest common factor of j and p.
10
Suppose 0 = 9*m - 6*m + 12. Let i be (28/(-8))/(2/m). Suppose 4*a + 2*p - 8 = 0, -a + 3*p = i*p + 5. What is the greatest common divisor of 24 and a?
3
Suppose 5*u - 606 = 6*j - 4*j, -u - 3*j = -111. Suppose -16*g + 13*g + 144 = 0. What is the highest common divisor of u and g?
24
Let r(f) = 276*f**2 + 13*f - 24. Let m be r(2). What is the greatest common divisor of m and 42?
14
Suppose -3*d = 35 - 23. Let l be (24 - 1) + 12/d + 5. Suppose -2*q + n = 50 - 604, -2*n + 1367 = 5*q. What is the highest common factor of q and l?
25
Suppose -r - 36 = -4*l + 50, 10 = 5*r. Calculate the highest common factor of l and 352.
22
Let f = -291 - -363. Let d be 2*(-1 - 1 - -6). What is the greatest common factor of d and f?
8
Let o = 602 + -1020. Let l = o + 587. Calculate the highest common divisor of l and 13.
13
Let r be 9 + 100/5 + -5. Let c = 391 + -271. What is the highest common divisor of r and c?
24
Let h(o) = -26*o + 679. Let u be h(23). Suppose 0 = -2*g + 2, 3*g + 11 = y + 5*g. Calculate the greatest common factor of u and y.
9
Let o = -303 - -396. Calculate the highest common factor of o and 6.
3
Let k(h) = -h**2 + 2*h + 3. Let t be k(3). Suppose t = -3*l + 2*l + 231. Suppose 0 = -13*y - 100 + 373. Calculate the greatest common divisor of y and l.
21
Let x(h) = 3*h - 4. Let v be x(-6). Let c = 40 + v. Suppose -24 - 111 = -3*d. What is the highest common factor of d and c?
9
Let z = -13 - -13. Suppose -4*f + 2*c - 28 = z, -25 = 5*f + c + 3. Let m be (8/(-6))/(4/f). What is the greatest common factor of 2 and m?
2
Let w(m) = -m**2 + 11*m - 12. Let b be w(5). Let g = b + -3. Suppose 12 = -8*o + 36. What is the greatest common divisor of g and o?
3
Suppose 9*c - 73 = 44. Calculate the highest common divisor of 52 and c.
13
Let o(v) = -v - 5. Let k be o(-10). Suppose -k*i + 22 = 2. Let a(g) = -g - 5. Let n be a(-7). What is the greatest common factor of n and i?
2
Suppose 2*v - 4*v + 180 = 8*d, -v + 4*d = -90. Calculate the greatest common divisor of 135 and v.
45
Suppose -454 = -10*b + 106. Calculate the highest common divisor of b and 32.
8
Suppose 3*m = -4*d + 1326, -5*d - m - m + 1654 = 0. Let o(j) = 35*j - 5. Let z be o(1). Calculate the greatest common factor of d and z.
30
Suppose -6*o + 2*o - 196 = 0. Let d = 53 + o. Calculate the highest common divisor of 64 and d.
4
Suppose 2*d - 3*w - 47 = 0, -5*d - 2*w + 0*w + 108 = 0. What is the highest common factor of 54 and d?
2
Let p be (-66*1)/(20/(-10)). Calculate the greatest common divisor of 3 and p.
3
Let c(o) = o**3 - 3*o**2 + 6*o - 10. Let y be c(4). Let l = y + -10. Let p = l - 18. What is the greatest common factor of 16 and p?
2
Let b be (6/(-5))/((-2)/(-10)). Let l be 58 + 3 + b + -1. Suppose 4*a = a + 405. What is the highest common divisor of l and a?
27
Let s(g) = -g**2 + 6*g + 10. Let t be s(7). Suppose 3*p + 0*y - y = 174, -t*p - y = -174. Let n = p + -40. What is the greatest common divisor of n and 126?
18
Let r be (-45)/(-10) - 6/4. Let q be ((-27)/(-12))/(r/72). What is the greatest common factor of q and 6?
6
Suppose -5*n + 5*b + 335 = -0*b, n - 4*b = 70. What is the highest common factor of 594 and n?
66
Let t be (-79)/(-7) + (-18)/63. Suppose 37 + 40 = t*s. Calculate the highest common factor of s and 21.
7
Suppose 306 = 12*f - 18. What is the greatest common factor of f and 225?
9
Suppose -4*i - 3*k - 111 = -12, -27 = i + 3*k. Let b be (-544)/i - 8/(-6). Calculate the greatest common factor of b and 48.
24
Let d(z) = -z**3 + 5. Let c be d(0). Suppose -t + 2*p = -0*p + 3, -3*t - c*p + 35 = 0. Calculate the greatest common divisor of t and 20.
5
Suppose 3*z + 4*z = 4*z. Let c be 11 - (1 - -3 - z - 1). What is the greatest common divisor of c and 64?
8
Let y(m) = m**2 + 5*m + 6. Let c be y(-4). Suppose 0 = -d + c*r, -7*r = -3*r - 20. Calculate the highest common factor of d and 50.
10
Suppose -2*b = -3*o - 145, 228 = 3*b + 28*o - 29*o. Suppose -28 = -v - 6. Calculate the greatest common factor of b and v.
11
Suppose 16 = -2*t + 40. Suppose 5*l - 115 = 5*d, -61 = -4*l - 3*d + 38. What is the highest common divisor of t and l?
12
Let f(q) = 9*q + 243. Let i be f(-24). Calculate the greatest common factor of i and 144.
9
Let w be (-9630)/(-7) + (1 - (-15)/(-21)). What is the highest common factor of 16 and w?
16
Let u(j) = -4*j**3 + j**2 - 2*j + 2. Let o be u(-2). Suppose 4*l - o = -2. Calculate the highest common divisor of l and 10.
10
Let z(j) = j**2 + 13*j + 15. Let c be z(-12). Suppose -c*s + 189 = -0*s. Calculate the highest common divisor of s and 7.
7
Suppose -4 = -2*h, 2*x + 2*x - 12 = 4*h. Suppose -m + 0*m + x = 0. What is the greatest common divisor of 40 and m?
5
Suppose 10*d - 579 = 7*d. Suppose -2*v = w - d, 2*v - 5*w + 197 = 4*v. What is the greatest common divisor of v and 24?
24
Let a = 107 + -94. Suppose 74 = -10*m + 12*m. Let o = m + 2. What is the highest common divisor of o and a?
13
Suppose -7*v + 8 = -3*v. Suppose 2*n = -4*a + 18, -n = 3*n - 2*a - 26. Suppose -n*z = -v*z - 1225. What is the highest common factor of 35 and z?
35
Let r be (-155)/(-3) - (-2)/6. Suppose 2*k - 5*b = 119, -k + 3*b = -r - 9. What is the highest common factor of 130 and k?
26
Suppose -4*n = 4*l + 8, -12 = 3*l - 2*n - n. Let m be (38/(-10))/(l/15). Suppose m = -3*g + 55. Calculate the highest common factor of 108 and g.
12
Let y(h) = -10*h**2 - 61*h + 12. Let z be y(-6). Calculate the greatest common divisor of 1089 and z.
9
Suppose -5*v + 34 = -6. Suppose -12*d = -v*d - 68. Calculate the greatest common divisor of 17 and d.
17
Let t be ((-3)/(6/8))/((-1)/6). Calculate the greatest common factor of t and 588.
12
Let x = 1066 + -956. Calculate the highest common divisor of 80 and x.
10
Suppose 2*s - 154 = -12*s. Let i be (-2)/s - 334/(-22). Calculate the highest common factor of i and 135.
15
Suppose 562 - 292 = 6*b. Calculate the greatest common divisor of b and 60.
15
Let i(q) = 44*q**3 + 5*q**2 + 3*q - 7. Let l be i(2). Calculate the greatest common factor of 7 and l.
7
Let p be 5/((-4 - -8) + (-326)/82). What is the greatest common factor of 164 and p?
41
Suppose 0 = 4*h - 19 - 1. Suppose 0 = -z + j + 42, h*z + 4*j = 173 + 19. Let k = z + -24. Calculate the greatest common divisor of k and 128.
16
Suppose -58 = -5*o + 17. Let m be o/(-6) + 3 - 102/(-4). Calculate the greatest common factor of 2 and m.
2
Let l(r) = -r**3 + 12*r**2 + 52*r - 15. Let a be l(15). What is the greatest common divisor of a and 70?
10
Suppose -3*k + 12 = 0, -4*u + 428 = 3*k - 4*k. Calculate the highest common divisor of 4 and u.
4
Let v(u) = u**3 - 10*u**2 + 22*u + 11. Let g be v(11). Calculate the greatest common divisor of g and 17.
17
Let f be 3/(63/6) - (-1390)/(-14). Let r = f + 117. What is the highest common factor of r and 36?
18
Let l = -94 + 97. Suppose 5*c - g - 405 = 0, 184 = 2*c + l*g + g. Calculate the greatest common factor of c and 123.
41
Let k(b) = -b**3 + 6*b**2 - 4*b + 1. Let x be k(5). Let d be (20/x)/(3/27). Let t be (40/12)/(-1)*-3. Calculate the greatest common divisor of d and t.
10
Let r be -4 - 1*(2 + (0 + -3 - 13)). Suppose 2*m - 9 - 11 = 0. Calculate the greatest common divisor of r and m.
10
Let d(r) be the third derivative of r**4/8 - 20*r**3/3 - r**2 + 14*r. Let f be d(14). Calculate the highest common factor of f and 10.
2
Let r be 4/10 - 3/(-5). Let d be (3 + -4)*-1 - -1. Suppose 5*h = -d*h + 14. Calculate the highest common divisor of h and r.
1
Let j(d) be the second derivative of d**3/3 + 17*d**2 + 7*d. Let n be j(-11). Calculate the highest common factor of 84 and n.
12
Let z(q) = q**3 + 2*q**2 + q - 8. Let b be z(4). Calculate the greatest common divisor of 414 and b.
46
Let w = 114 + -54. Suppose -2*s = -3*s + 6. Suppose 0 = 9*n - s*n - 72. Calcu